 73
Let v(b) = -b**2 + 5*b + 5. Suppose 2*j - 4*i - 2 = 0, -i + 1 = -4*j + 19. Let s be v(j). Suppose -21 = -s*t + 399. List the prime factors of t.
2, 3, 7
Let j be 2/(9/(3834/(-4))). Let i = j - -614. What are the prime factors of i?
401
Let p = -271 - -11. Suppose -26*m = -21*m + 2075. Let x = p - m. What are the prime factors of x?
5, 31
Suppose -104 = -18*g + 44*g. Let u(z) = -3*z**3 + 6*z**2 + 2*z - 23. What are the prime factors of u(g)?
257
Let o = 9679 - 4327. Suppose -5*s - 4*k = -o, 2*s + s = -2*k + 3210. List the prime factors of s.
2, 3, 89
What are the prime factors of ((-4)/(-6))/(49 - 48)*12222/3?
2, 7, 97
Let g(y) = -8421*y + 1955. What are the prime factors of g(-4)?
157, 227
Suppose -5*l = -255 + 80. Let q be -3 - 9*(-3 - -2). Suppose -h = -q*h + l. What are the prime factors of h?
7
Let m = 644 + -946. Let a = m + 534. What are the prime factors of a?
2, 29
Let q be -2 - ((-3)/(-1) + -26). Suppose -4*k + 5 = q. Let a(w) = 10*w**2 + 8*w + 4. List the prime factors of a(k).
2, 3, 11
Let y(x) = 1374*x**2 - 146*x + 529. What are the prime factors of y(8)?
3, 7, 4157
Let o(f) = 20*f**2 + 3*f - 3. Let y(g) = -g - 9. Let s be y(-20). Let c be 2/(-8)*(s - -1). What are the prime factors of o(c)?
2, 3, 7
Suppose 5*d - 3*s + 36 = -6*s, -4*s + 57 = -5*d. Let w(l) = -l**3 - 8*l**2 + l + 26. Let j be w(d). Let v = 254 - j. List the prime factors of v.
2, 3, 13
Let o be 14/6*3 + (1 - 4). Suppose -19 = -j - n, j + n = -o*n + 27. Let k(m) = -m**2 + 22*m + 11. List the prime factors of k(j).
2, 3
Let h = -3559 - -4483. Suppose 4*c = 5*z - 1 + 6, 2*c + 5*z + 5 = 0. Suppose -4*o = -c*o - h. What are the prime factors of o?
3, 7, 11
Suppose 3*u = 13*u + 56360. List the prime factors of (-4)/(-24) + u/(-24).
5, 47
Suppose -2*q = 4*c - 44, 4*c + 0*c - 76 = -4*q. Suppose q*u - 7220 = -3*u. List the prime factors of u.
2, 5, 19
Suppose -4 = v - 3*v. Suppose a = n + 4, -5*n - 10 = 3*a + v*a. What are the prime factors of 53/4 + ((-3)/(-4))/n?
13
Suppose -2328*a = -2340*a + 206508. List the prime factors of a.
17209
Suppose -17*g + 7*g = -8*g - 120790. What are the prime factors of g?
5, 47, 257
Let s be (-5)/((245/21)/(-7)). Let o be 3 - (-136 + (1 - 2)). Suppose -5*j - s*c = -o, 5*j = j - c + 112. List the prime factors of j.
2, 7
Let k(v) = -9199*v**3 - 14*v**2 + 2*v + 17. List the prime factors of k(-2).
7, 19, 79
Suppose 5*n - 7*k = -2*k + 2545, -4*k = -5*n + 2548. Suppose 28 - n = -22*r. List the prime factors of r.
2, 11
Let d(w) = -2*w**3 - 214*w**2 + 38*w - 193. List the prime factors of d(-108).
19031
Suppose 0 = 5*k + 4*m - 13186, -19*k + 4*m = -15*k - 10520. What are the prime factors of k?
2, 3, 439
Let q = 12862 - 6879. What are the prime factors of q?
31, 193
Suppose -79 = -5*z - o + 1534, -2*o = 4*z - 1288. Let h = -180 + 523. Suppose d + z = 4*d - v, -4*v + h = 3*d. What are the prime factors of d?
109
Suppose 0 = -4*l + 4, 9 = 4*v - 4*l + l. Suppose -v*r = -4*b - 175, 4*r + 5*b - 256 + 33 = 0. List the prime factors of r.
3, 19
Suppose 259*i - 268*i = -32895. List the prime factors of i.
5, 17, 43
Let f = 5138 - 2944. Let v = -1514 + f. What are the prime factors of v?
2, 5, 17
Suppose -2734*o - 41640 = -2774*o. What are the prime factors of o?
3, 347
Suppose -4*i + 262 = g, g + 138 = 5*i + 418. What are the prime factors of g?
2, 3, 5
Suppose 4*k - 4*g - 1 - 47 = 0, -2*k = -4*g - 20. Let r = k - -110. Suppose 5*y = 9*y - r. What are the prime factors of y?
31
Let n(r) = 2*r**2 - 2*r + 150. What are the prime factors of n(-20)?
2, 3, 5, 11
Let h(u) = -589*u + 2176. List the prime factors of h(-20).
2, 3, 1163
Suppose 2*y + 5*a - 78831 = 0, -y + 2282*a + 39433 = 2287*a. What are the prime factors of y?
2, 19699
Let f(l) be the first derivative of l**4/2 + 15*l**3 - 5*l**2 - 20*l + 96. What are the prime factors of f(-22)?
2, 3, 19
Suppose -36*j + 26445 = -32*j + 5*l, 0 = 4*j - 3*l - 26437. List the prime factors of j.
2, 5, 661
What are the prime factors of (69 - -29326) + (-18)/(1*-2)?
2, 7351
Suppose 63*g - 253176 + 22572 = 41*g. What are the prime factors of g?
2, 3, 1747
Let x(u) = -27*u**3 + u**2 - 23*u - 86. List the prime factors of x(-5).
3, 127
Suppose 0 = -1145*y + 1142*y - l + 32305, -5*y + l + 53847 = 0. What are the prime factors of y?
11, 89
Let k be 5*(1 - 22)/(21/(-14)). Suppose -p - 13*p + k = 0. Suppose p*m - 3*j = 1455, -m = -3*m + j + 583. List the prime factors of m.
2, 3, 7
Let o = -192 + 93. Suppose 0 = -3*n + 6 - 21, 279 = 2*d + 3*n. Let u = o + d. What are the prime factors of u?
2, 3
Let r be (2/(-3))/(16/(-24)) - -372. Let w = r + 179. What are the prime factors of w?
2, 3, 23
Let x(m) = 15*m + 2673. List the prime factors of x(48).
3, 13, 29
Suppose 42*j + 6*j - 1000569 = -21*j. List the prime factors of j.
17, 853
Let o(s) = -2886*s - 3490. List the prime factors of o(-20).
2, 5, 11, 17, 29
Suppose 3*s = 5*m + s - 405, 0 = 2*m - 5*s - 183. Let l = m - 12. Suppose 10*p - 11*p = -l. List the prime factors of p.
67
Let o(v) = 5*v**2 - 49*v + 1. What are the prime factors of o(-7)?
19, 31
Let h be 42/(-63)*(-7698)/(-2). Let j = -1460 - h. What are the prime factors of j?
2, 7, 79
Let s(d) = 98*d**2 - 25*d - 35. Let g be s(-13). Suppose 14*u + 8*u = g. List the prime factors of u.
2, 383
Let q(g) = 22*g + 1103. List the prime factors of q(-26).
3, 59
Let f = -614 - -2279. Let r = f + -692. List the prime factors of r.
7, 139
Suppose 0 = -9*s + 17*s - 40. Suppose -s*o + 2505 = 4*n - 1172, -3 = -3*o. List the prime factors of n.
2, 3, 17
Suppose -12*d = 8*d - 40. List the prime factors of 1677/d - 20/(-8).
29
Suppose 10 = -2*k + g - 2, 2*g - 4 = 0. Let v(h) = -55*h + 27. What are the prime factors of v(k)?
2, 151
Let u(i) = 8*i + 27. Let c be u(3). Let v = 62 - c. What are the prime factors of (v + -1)*(51/2 + -3)?
3, 5
Let t be 58*(-6)/12*-17. Suppose 0 = 3*x - 5*b - t, -5*x = -b + 5*b - 797. List the prime factors of x.
7, 23
Let r = -21752 + 29358. What are the prime factors of r?
2, 3803
Let g(k) = -13*k - 7. Let y be g(-5). Let o = y + -53. List the prime factors of (-4)/2 + (3 - o - -81).
7, 11
Suppose -2*k - 2 - 19 = -3*o, 5*k = 2*o - 25. Suppose 5*i + 2*v - 328 = 0, -5*i + o*v - 259 = -9*i. What are the prime factors of i?
2, 3, 11
Suppose -6*w + 57885 = 2397. What are the prime factors of w?
2, 17
Let r be 8/(-2) - 4/(-6)*12. Suppose r*i - 2*f = 918, -5*i + 4*f = -489 - 666. What are the prime factors of i?
227
Suppose 88*t - 472947 = 2466165. What are the prime factors of t?
3, 1237
Let r(g) = 39*g + 140. Let j be r(-24). Let u = 1029 + j. List the prime factors of u.
233
Suppose 0 = 37*i - 18*i - 19. Let o = -15 - -39. List the prime factors of (i + 236)/(36/o).
2, 79
Let r = -48476 + 68980. What are the prime factors of r?
2, 11, 233
Let i = -55 + 129. Suppose 3*g = k + i, -2*g - 5*k + 19 + 2 = 0. List the prime factors of g.
23
Let w = 8 - 10. Let q be -58*(w + (-3)/6). Suppose -5*l + 640 = -q. List the prime factors of l.
157
Suppose 16 = 4*u + 4. Let f be (552 + 2)/(u + -1). What are the prime factors of 4/(-16) + f/4?
3, 23
Let v = -463 + 685. Let p(r) = -r**2 + 3*r + 12. Let n be p(12). Let i = v + n. List the prime factors of i.
2, 3, 7
Suppose -t - 5*y + 58 = -6*y, 5*t + 4*y = 326. Suppose 101 = -2*h + 321. Let j = h - t. List the prime factors of j.
2, 3
Suppose -38*u + 21666 + 21003 = -121187. What are the prime factors of u?
2, 7, 11
Let u(a) = 1772*a - 11265. List the prime factors of u(51).
3, 7, 3767
Let k(j) = -7*j - 18. Let x be ((-196)/6)/7*-9. Let t = 32 - x. What are the prime factors of k(t)?
2, 13
Let i(o) = o**2 + 13*o + 26. Let z be i(-11). Let c be 2/z - 99/(-22). Suppose -2*j + 446 = 3*j - b, 2*j - c*b - 183 = 0. What are the prime factors of j?
89
Suppose 3*o + 38 = 7*o + 2*m, -3*o - m + 30 = 0. Suppose -360 = -13*n + o*n. Suppose 37*s = 34*s + n. What are the prime factors of s?
2, 3, 5
What are the prime factors of ((-88208)/96)/((-1)/6)?
37, 149
Suppose 0 = -2*n - 8*n + 30. Suppose n*a + 7*a = 20. Suppose -6*f + 3*p + 148 = -a*f, 3*f - 98 = -p. What are the prime factors of f?
2, 17
Let z be 32/2 - (0 - -1). Suppose s - 5*s - z = u, 0 = 4*u + 5*s + 27. What are the prime factors of 620/6 + (-2)/u?
2, 13
Let z(g) = 4*g - 36. Let v be z(15). Suppose -5*b = v - 109. Lis